Calculate the remainder when 29603 is divided by 18.
11
What is the remainder when 69808 is divided by 1?
0
Calculate the remainder when 171396 is divided by 97.
94
What is the remainder when 301097 is divided by 301069?
28
Calculate the remainder when 9669 is divided by 642.
39
What is the remainder when 20915 is divided by 43?
17
What is the remainder when 38464 is divided by 21?
13
What is the remainder when 3593 is divided by 468?
317
What is the remainder when 4576 is divided by 531?
328
Calculate the remainder when 10628 is divided by 10622.
6
Calculate the remainder when 8315 is divided by 8315.
0
Calculate the remainder when 656 is divided by 630.
26
Calculate the remainder when 3417 is divided by 457.
218
Calculate the remainder when 50186 is divided by 10033.
21
Calculate the remainder when 23904 is divided by 11946.
12
What is the remainder when 108688 is divided by 139?
129
What is the remainder when 143367 is divided by 71637?
93
What is the remainder when 149740 is divided by 177?
175
What is the remainder when 118523 is divided by 581?
580
What is the remainder when 69900 is divided by 3177?
6
Calculate the remainder when 9024 is divided by 9020.
4
What is the remainder when 1389 is divided by 631?
127
Calculate the remainder when 50155 is divided by 165.
160
What is the remainder when 22452 is divided by 2?
0
Calculate the remainder when 19395 is divided by 445.
260
Calculate the remainder when 151236 is divided by 15.
6
Calculate the remainder when 908 is divided by 287.
47
What is the remainder when 141650 is divided by 44?
14
What is the remainder when 2485 is divided by 705?
370
What is the remainder when 666 is divided by 383?
283
Calculate the remainder when 60491 is divided by 30233.
25
Calculate the remainder when 89578 is divided by 13.
8
What is the remainder when 34502 is divided by 104?
78
What is the remainder when 3545 is divided by 1754?
37
Calculate the remainder when 32188 is divided by 6437.
3
What is the remainder when 48758 is divided by 258?
254
What is the remainder when 68819 is divided by 6249?
80
Calculate the remainder when 1688573 is divided by 272.
269
What is the remainder when 763699 is divided by 2015?
14
Calculate the remainder when 6427 is divided by 140.
127
Calculate the remainder when 63447 is divided by 50.
47
What is the remainder when 3735 is divided by 114?
87
What is the remainder when 3280 is divided by 96?
16
What is the remainder when 285400 is divided by 2114?
10
Calculate the remainder when 35289 is divided by 1005.
114
Calculate the remainder when 8657 is divided by 2875.
32
Calculate the remainder when 281 is divided by 102.
77
Calculate the remainder when 37018 is divided by 550.
168
What is the remainder when 7605 is divided by 2442?
279
What is the remainder when 19561 is divided by 4887?
13
Calculate the remainder when 622 is divided by 321.
301
What is the remainder when 100575 is divided by 9?
0
What is the remainder when 15202 is divided by 65?
57
Calculate the remainder when 5266 is divided by 412.
322
What is the remainder when 5738 is divided by 44?
18
What is the remainder when 6583 is divided by 214?
163
What is the remainder when 49782 is divided by 16561?
99
What is the remainder when 1464 is divided by 8?
0
What is the remainder when 8268 is divided by 21?
15
Calculate the remainder when 283373 is divided by 21.
20
What is the remainder when 251167 is divided by 29?
27
What is the remainder when 23193 is divided by 1053?
27
Calculate the remainder when 13731 is divided by 13682.
49
Calculate the remainder when 3817 is divided by 191.
188
Calculate the remainder when 2294909 is divided by 387.
386
Calculate the remainder when 46290 is divided by 1849.
65
Calculate the remainder when 2423 is divided by 229.
133
Calculate the remainder when 33621 is divided by 40.
21
Calculate the remainder when 160847 is divided by 25.
22
What is the remainder when 9412 is divided by 9380?
32
Calculate the remainder when 9621 is divided by 14.
3
What is the remainder when 150077 is divided by 37?
5
What is the remainder when 183429 is divided by 30571?
3
What is the remainder when 6148 is divided by 433?
86
What is the remainder when 93959 is divided by 1044?
1043
What is the remainder when 91339 is divided by 11415?
19
What is the remainder when 2498 is divided by 39?
2
What is the remainder when 8005 is divided by 99?
85
Calculate the remainder when 6842 is divided by 974.
24
What is the remainder when 54590 is divided by 84?
74
What is the remainder when 2093 is divided by 1962?
131
What is the remainder when 2424 is divided by 1030?
364
Calculate the remainder when 139246 is divided by 36.
34
Calculate the remainder when 71515 is divided by 13.
2
Calculate the remainder when 11559 is divided by 116.
75
What is the remainder when 643 is divided by 51?
31
What is the remainder when 1500 is divided by 670?
160
What is the remainder when 10681 is divided by 3557?
10
Calculate the remainder when 4334 is divided by 4328.
6
Calculate the remainder when 734 is divided by 350.
34
Calculate the remainder when 129 is divided by 46.
37
Calculate the remainder when 2909 is divided by 47.
42
What is the remainder when 9274 is divided by 788?
606
What is the remainder when 35224 is divided by 11619?
367
Calculate the remainder when 56210 is divided by 493.
8
What is the remainder when 4494 is divided by 313?
112
Calculate the remainder when 348181 is divided by 234.
223
What is the remainder when 74944 is divided by 6243?
28
Calculate the remainder when 15861 is divided by 2265.
6
Calculate the remainder when 954159 is divided by 549.
546
Calculate the remainder when 194363 is divided by 64778.
29
What is the remainder when 813237 is divided by 3240?
3237
What is the remainder when 21215 is divided by 104?
103
Calculate the remainder when 520 is divided by 24.
16
What is the remainder when 1009 is divided by 367?
275
Calculate the remainder when 23627 is divided by 11.
10
Calculate the remainder when 901 is divided by 24.
13
What is the remainder when 2525 is divided by 205?
65
What is the remainder when 726 is divided by 43?
38
Calculate the remainder when 34972 is divided by 212.
204
Calculate the remainder when 10781 is divided by 1330.
141
Calculate the remainder when 864 is divided by 392.
80
Calculate the remainder when 459745 is divided by 1191.
19
Calculate the remainder when 150330 is divided by 281.
276
What is the remainder when 826589 is divided by 275519?
32
What is the remainder when 91222 is divided by 9?
7
What is the remainder when 11361 is divided by 11?
9
What is the remainder when 2964 is divided by 182?
52
Calculate the remainder when 39776 is divided by 170.
166
Calculate the remainder when 427 is divided by 116.
79
Calculate the remainder when 62531 is divided by 10417.
29
What is the remainder when 10588 is divided by 10577?
11
Calculate the remainder when 190359 is divided by 43.
41
What is the remainder when 34116 is divided by 51?
48
What is the remainder when 16873 is divided by 2407?
24
What is the remainder when 515 is divided by 32?
3
What is the remainder when 1487 is divided by 76?
43
What is the remainder when 1416 is divided by 247?
181
What is the remainder when 182559 is divided by 2609?
2538
Calculate the remainder when 463749 is divided by 250.
249
What is the remainder when 252781 is divided by 97?
96
Calculate the remainder when 267928 is divided by 30.
28
What is the remainder when 10517 is divided by 5255?
7
Calculate the remainder when 42302 is divided by 263.
222
Calculate the remainder when 162424 is divided by 288.
280
Calculate the remainder when 35451 is divided by 27.
0
What is the remainder when 2179 is divided by 552?
523
What is the remainder when 679850 is divided by 487?
485
What is the remainder when 8468 is divided by 756?
152
What is the remainder when 2616 is divided by 263?
249
What is the remainder when 3604 is divided by 55?
29
What is the remainder when 1117 is divided by 218?
27
Calculate the remainder when 4547 is divided by 129.
32
Calculate the remainder when 84648 is divided by 10581.
0
What is the remainder when 9822 is divided by 4631?
560
What is the remainder when 8867 is divided by 166?
69
What is the remainder when 28